7
Let a(f) = 7*f. Let c(l) = 19 - 31 + 4 + 8 - 8*l. Let j(z) = 7*a(z) + 6*c(z). Determine j(10).
10
Let g(c) = c**3 - 12*c**2 + 10*c + 8. Let r be (-68)/51*(-81)/4. Let t(z) = z**3 - 26*z**2 - 26*z - 16. Let k be t(r). Determine g(k).
-3
Let j(q) = -171*q**2 - 1197*q + 5. Let p be j(-7). Let y(f) = f**2 - 7*f + 27. What is y(p)?
17
Let u(o) be the third derivative of -o**4/6 - 7*o**3 + o**2 - 11*o. Let g(d) = -d - 12. Let k(i) = 7*g(i) - 2*u(i). Calculate k(0).
0
Suppose 0 = -81*m + 15*m. Let h(v) = -45*v + 2. Calculate h(m).
2
Let l(j) be the second derivative of -j**3 + 29*j - 2 - 1/12*j**4 + 1/2*j**2. Calculate l(-6).
1
Let d(s) = 98*s - 681. Let g be d(7). Let v(r) = -r**2 + 2. What is v(g)?
-23
Suppose 0*u - u - 5*o = -22, 6 = -5*u + 4*o. Suppose 0 = -b + 5*b - 8. Let m(s) = -6*s**2 + s - b + 9*s**2 + 1. Calculate m(u).
13
Let m(i) = -2*i**3 - 7*i. Let w(d) = 78*d**3 + 40*d - 1. Let f(q) = 6*m(q) + w(q). Give f(-1).
-65
Let f(c) = 66*c - 6. Let s(p) = -28*p. Let w(i) = f(i) + 2*s(i). Determine w(-2).
-26
Let i(a) = -4*a - 11. Suppose -n = -5*v + 2*n + 34, -4*n = v - 16. Let m(w) = -v + 31 + 15*w - 6*w. Let g(k) = -7*i(k) - 3*m(k). Give g(-8).
0
Let n(b) = -b**3 - 12*b**2 - 13*b + 3. Suppose 253*u + 2926 + 423 = 566. What is n(u)?
25
Let r(l) = l**2 + 6*l - 26. Let t(z) = z**2 - 329*z + 4100. Let n be t(13). What is r(n)?
-10
Let v(t) = 53860*t**2 - t**3 - 9 - 167*t - 53881*t**2 + 169*t. Give v(-21).
-51
Suppose -126 = 13*s + 36*s + 21. Let a(w) = 5*w**2 + 6*w + 9. Give a(s).
36
Suppose -360 = -340*z - 20*z. Let v(y) = 20*y - 2. Determine v(z).
18
Let s(d) = -d + 7. Let q = 113 - 113. Suppose 20*o - 30*o - 60 = q. Determine s(o).
13
Let h(r) = 28*r - 119. Let l(j) = -10*j + 41. Let k(f) = 3*h(f) + 8*l(f). Give k(0).
-29
Let b(g) = g + 10. Let v(c) = -1. Let u(i) = -i + 13. Let k(a) = -5*u(a) - 35*v(a). Let w be k(6). What is b(w)?
10
Let o(v) be the first derivative of v**5/20 - 5*v**4/6 + v**3/6 - 7*v**2/2 + 153*v + 19. Let h(f) be the first derivative of o(f). Calculate h(10).
3
Let h = 108 + -103. Let p(c) = -15*c - 116. Let b(u) = 10*u + 77. Let f(m) = h*p(m) + 7*b(m). Let k be f(-7). Let o(v) = -v**3 - 6*v**2 + 2*v. Determine o(k).
-12
Let v(u) = -30070*u**2 - 13*u + 30069*u**2 - 2 - 12. What is v(-13)?
-14
Suppose -3*y = -4*m + 31, 4*y = -490*m + 491*m + 2. Let w(f) be the third derivative of f**4/24 - 5*f**3/6 - 4*f**2. Determine w(m).
5
Let o be 19/38 + (-12)/16 + 26/8. Let y(j) = -4*j**3 + 8*j**2 + 4*j + 1. Give y(o).
-23
Let i(u) = 4*u - 6. Let x(o) = -7*o + 5. Let t(r) = -3*i(r) - 4*x(r). Let s be 11/((-462)/(-12))*-7. Calculate t(s).
-34
Let j(o) = 14*o + 228. Let b(s) = 51*s + 912. Let a(z) = -2*b(z) + 9*j(z). Let r be a(-9). Let l(u) = -u**2 + 13*u - 18. Calculate l(r).
-6
Let h(y) = 2*y + 8. Suppose 3*x - j = 0, -12 = 8*x - 11*x + 5*j. Determine h(x).
6
Suppose 4*l + 16 = 0, -11*w = -16*w + 4*l + 196. Suppose -144*h + 162*h + w = 0. Let y(s) = 8*s**2 - 1. Determine y(h).
31
Suppose 2*m + 11 = 3*c, -19*m + 10 = -14*m. Let h(v) = -v**3 + 5*v**2 + 7*v - 33. What is h(c)?
2
Let d(f) be the third derivative of 0 - 7/6*f**3 - 1/4*f**4 - 5*f - 1/60*f**5 - 2*f**2. What is d(-7)?
-14
Let l = 505 + -502. Let j(u) = 1 + 0 - 2*u - l + 4 - 1. Let c be ((-4)/(-6))/((-2)/(-3)). Give j(c).
-1
Let t(p) = p**3 + 9*p**2 + 9*p - 11. Suppose -60 + 21 = 3*j - 5*y, 5*y = -4*j - 17. What is t(j)?
-19
Let i(h) = 2*h - 4. Let f(o) be the second derivative of 21*o**2 - 20*o + 2/3*o**3 + 0. Let m be f(-9). Calculate i(m).
8
Let w = -336 + 358. Let m(v) = v - 31. What is m(w)?
-9
Let d be 18/15 + (-6)/30. Suppose -j + d = 9. Let a(x) = x**2 + 8*x + 6. Let p be a(j). Let h(n) = n**3 - 6*n**2 - 3*n + 2. Calculate h(p).
-16
Let y = 86851 - 86857. Let s(w) = -w**3 + 5*w**2 + 6*w + 1. Let z be s(6). Let g(o) = o**2 + 6*o + z - 1 + 1. What is g(y)?
1
Let v be (-17)/(-68)*(-1793 + -3). Let n = v - -446. Let z(p) = 3*p - p**2 - 3*p + 1. Calculate z(n).
-8
Let y(r) be the third derivative of -r**5/60 + r**4/4 + r**3/3 - 224*r**2. Calculate y(4).
10
Let k(z) = -z**3 - 3*z**2 + 15*z - 2. Suppose -229*a + 719 - 32 = 0. Calculate k(a).
-11
Let g = -249 - -251. Let q(o) = 2 - 5 - o**2 + 4*o + 10 - g*o - 6*o. Determine q(-3).
10
Let p(z) be the first derivative of 2*z**2 - 87*z - 1579. Calculate p(23).
5
Let v(w) = -w**3 - 27*w**2 - 43*w + 178. Let l be v(-25). Let i(s) = -s**2 + s + 4. Give i(l).
-2
Let c be (437/(-874))/(122/40 - 3). Let n(m) = 40*m + 396. Give n(c).
-4
Let l be ((420/25)/(-6))/((-6)/45). Let a(v) = v**3 - 20*v**2 - 23*v. Give a(l).
-42
Suppose 259*s - 2*n = 254*s + 9, -5*n - 7 = 3*s. Let w(o) = -68*o**3 - o**2. Calculate w(s).
-69
Let f(a) = 4*a**2 + 14*a - 12. Suppose 0 = 2*c - 10, 0 = -10*b + 9*b + 11*c - 62. What is f(b)?
86
Let o(m) = 90*m + 3511. Let z be o(-39). Let u(x) = x + 1. Calculate u(z).
2
Let z(v) = 2*v - 10. Suppose 0 = 9*w - 1 - 134. Let i be 3/w*5*5. Let s(a) = 9*a - 42. Let o(u) = i*s(u) - 21*z(u). Determine o(-2).
-6
Let n(g) = g**3 + g**2 - 2*g + 1. Let c be n(-2). Let k(t) = 4*t - 2*t - c - 3*t. Suppose -2850 = -3334*m - 666 - 25522. What is k(m)?
6
Let y(z) be the first derivative of z**4/4 + 5*z**3/3 - 7*z**2/2 + 6. Suppose -36 = 397*o - 391*o. Give y(o).
6
Let i = 1952 - 1949. Let j(b) = -4*b + 8. Determine j(i).
-4
Let p(f) be the second derivative of -f**4/12 + 25*f**3/6 - 23*f**2/2 + 1277*f. Give p(17).
113
Suppose -450*v - 1812 = -456*v. Let w(c) = -9*c - 298 - v + c**2 + 603. Calculate w(4).
-17
Let d(b) = 17*b - 3. Let t(p) = -9*p + 2. Let r(q) = -3*d(q) - 5*t(q). Let g(v) = -v**3 + 4*v**2 + 97*v + 9. Let l be g(-8). Determine r(l).
-7
Let n = -61 - -99. Let s = -193 + 154. Let a = s + n. Let u(h) = -7*h - 1. Determine u(a).
6
Let x(u) = 5*u**2 - 18*u - 7. Let f(a) = -8*a**2 + 26*a + 11. Let g(p) = 5*f(p) + 7*x(p). Give g(2).
-6
Let s(w) be the first derivative of w**2/2 - 6*w - 4. Let o be s(5). Let p(c) be the second derivative of c**3/2 + 5595*c. Give p(o).
-3
Let p(s) = -s**3 - 13*s**2 - 4. Let z = -3334 - -3321. Give p(z).
-4
Let s(p) = -4*p + 4. Let f be s(3). Let b(h) = 4*h**2 + 31*h - 1. Let j be b(f). Let r = -5 + j. Let y(m) = 10*m + 1. Give y(r).
21
Let m be (-8)/((-480)/(-410)) + (-4)/24. Let d(r) = -34*r - 229. What is d(m)?
9
Suppose 2*z = -w + 4 - 10, -4*z - 12 = -w. Let k(q) = -q**3 - 2*q**2 - q - 5. Let h be k(z). Suppose -11 = -h*d + 17. Let g(v) = -3*v + 6. What is g(d)?
-6
Suppose 0 = -4*u - d + 9, -2*u + d - 6*d + 27 = 0. Let x(p) = 0 - 2 - 5 - u + p. Determine x(-6).
-14
Suppose 5*t - 63 = -h - 0*h, 45 = 4*t - h. Let w(q) = -3*q + 4*q**2 + t*q**2 - 17*q**2. Give w(-6).
-18
Let g be (-3 - -2)*33/(-99) + (-1)/3. Let d(c) be the second derivative of 1/12*c**4 + g*c**3 + 0 - 1/2*c**2 + 5*c - 11/20*c**5. Give d(-1).
11
Let p(d) = -27*d**3 + 11*d**2 + 14*d + 3. Let s(m) be the first derivative of 9*m**4/4 - 4*m**3/3 - 5*m**2/2 - m - 62. Let h(c) = 3*p(c) + 8*s(c). Give h(-1).
9
Let k(n) be the first derivative of -n**4/4 + 3*n**3 - 12*n**2 - 5*n - 2755. Determine k(5).
-25
Let q(t) = t + 11. Suppose 8*g = 3*g + 30. Suppose g = -2*f + 8*f. Let d be 2 - (27/4 - f/(-4)). What is q(d)?
6
Let x(v) = v**3 - 7*v**2 + v + 10. Let y(a) = -a**2 + a + 1. Let q(d) = -x(d) + 6*y(d). Let z(p) = -p**2 - 53 - p + p + 15*p. Let s be z(7). Calculate q(s).
-7
Let j(u) = u**2 - 7*u - 4. Let m be ((-50)/100*(-10)/3)/((-10)/(-24)). Calculate j(m).
-16
Let w be 3/(-1)*(-3)/1. Let k(a) = a**2 + w - a - 11 - 3. Suppose -8 = -c + 2*l, 0 = -4*c + 3*l - 5 + 17. Give k(c).
-5
Let r(c) = -1529 + 5*c**2 + 9*c - 4*c**2 + 1516. Give r(-14).
57
Suppose -5*a - 2*n - 2*n = 1, -3*a = 3*n + 3. Let k(c) = 8 - 23*c**3 + 22*c**a - 7*c**2 + 0 - 2*c. Suppose j + 1 = -x, 49*x - 4 = 48*x - 2*j. Give k(x).
-16
Suppose 5*x - 15 = 2*i, 4*x - 4*i - 9 = x. Let h(a) = -x*a + 9*a - 13*a. Give h(-1).
7
Let s(m) = -23*m**2 + 38*m - 2. Let i(d) = -10*d**2 + 18*d - 1. Let b(l) = 9*i(l) - 4*s(l). Give b(-6).
11
Let i(w) = w**3 + 9*w**2 + 9*w + 9. Suppose 5*t = -7*t + 360. Let y be (-16)/(-6)*t/8. Let j be ((-44)/y + (-2)/(-5))*2. Calculate i(j).
1
Let t(f) = 394 + 415 - 1243 - 18*f + 411. Give t(-2).
13
Let y(v) be the first derivative of -155 + 1/2*v**2 + 0*v - 7/3*v**3. Calculate y(1).
-6
Let i(u) = -6*u**2 + u + 1. Let f(b) = b**3 - 29*b**2 + 56*b + 